{"id":321,"date":"2018-12-09T11:21:01","date_gmt":"2018-12-09T10:21:01","guid":{"rendered":"https:\/\/mariecolin.fr\/?page_id=321"},"modified":"2023-07-30T21:31:17","modified_gmt":"2023-07-30T19:31:17","slug":"mentions-legales","status":"publish","type":"page","link":"https:\/\/mariecolin.fr\/index.php\/mentions-legales\/","title":{"rendered":"MENTIONS L\u00c9GALES"},"content":{"rendered":"\t\t<div data-elementor-type=\"wp-post\" data-elementor-id=\"321\" class=\"elementor elementor-321\">\n\t\t\t\t\t\t<section class=\"elementor-section elementor-top-section elementor-element elementor-element-eb49d7c elementor-section-height-min-height elementor-section-stretched elementor-section-boxed elementor-section-height-default elementor-section-items-middle\" data-id=\"eb49d7c\" data-element_type=\"section\" data-e-type=\"section\" data-settings=\"{&quot;background_background&quot;:&quot;classic&quot;,&quot;stretch_section&quot;:&quot;section-stretched&quot;}\">\n\t\t\t\t\t\t\t<div class=\"elementor-background-overlay\"><\/div>\n\t\t\t\t\t\t\t<div class=\"elementor-container elementor-column-gap-default\">\n\t\t\t\t\t<div class=\"elementor-column elementor-col-100 elementor-top-column elementor-element elementor-element-5ad4e40\" data-id=\"5ad4e40\" data-element_type=\"column\" data-e-type=\"column\">\n\t\t\t<div class=\"elementor-widget-wrap elementor-element-populated\">\n\t\t\t\t\t\t<section class=\"elementor-section elementor-inner-section elementor-element elementor-element-9bd35a9 elementor-section-boxed elementor-section-height-default elementor-section-height-default\" data-id=\"9bd35a9\" data-element_type=\"section\" data-e-type=\"section\">\n\t\t\t\t\t\t<div class=\"elementor-container elementor-column-gap-default\">\n\t\t\t\t\t<div class=\"elementor-column elementor-col-100 elementor-inner-column elementor-element elementor-element-4cc7c85\" data-id=\"4cc7c85\" data-element_type=\"column\" data-e-type=\"column\">\n\t\t\t<div class=\"elementor-widget-wrap elementor-element-populated\">\n\t\t\t\t\t\t<div class=\"elementor-element elementor-element-e794b78 elementor-widget elementor-widget-heading\" data-id=\"e794b78\" data-element_type=\"widget\" data-e-type=\"widget\" data-widget_type=\"heading.default\">\n\t\t\t\t<div class=\"elementor-widget-container\">\n\t\t\t\t\t<h2 class=\"elementor-heading-title elementor-size-default\">Mentions l\u00e9gales<\/h2>\t\t\t\t<\/div>\n\t\t\t\t<\/div>\n\t\t\t\t<div class=\"elementor-element elementor-element-25efd0d elementor-widget elementor-widget-spacer\" data-id=\"25efd0d\" data-element_type=\"widget\" data-e-type=\"widget\" data-widget_type=\"spacer.default\">\n\t\t\t\t<div class=\"elementor-widget-container\">\n\t\t\t\t\t\t\t<div class=\"elementor-spacer\">\n\t\t\t<div class=\"elementor-spacer-inner\"><\/div>\n\t\t<\/div>\n\t\t\t\t\t\t<\/div>\n\t\t\t\t<\/div>\n\t\t\t\t<div class=\"elementor-element elementor-element-6d196ea elementor-widget elementor-widget-spacer\" data-id=\"6d196ea\" data-element_type=\"widget\" data-e-type=\"widget\" data-widget_type=\"spacer.default\">\n\t\t\t\t<div class=\"elementor-widget-container\">\n\t\t\t\t\t\t\t<div class=\"elementor-spacer\">\n\t\t\t<div class=\"elementor-spacer-inner\"><\/div>\n\t\t<\/div>\n\t\t\t\t\t\t<\/div>\n\t\t\t\t<\/div>\n\t\t\t\t\t<\/div>\n\t\t<\/div>\n\t\t\t\t\t<\/div>\n\t\t<\/section>\n\t\t\t\t\t<\/div>\n\t\t<\/div>\n\t\t\t\t\t<\/div>\n\t\t<\/section>\n\t\t\t\t<section class=\"elementor-section elementor-top-section elementor-element elementor-element-c68d998 elementor-section-boxed elementor-section-height-default elementor-section-height-default\" data-id=\"c68d998\" data-element_type=\"section\" data-e-type=\"section\">\n\t\t\t\t\t\t<div class=\"elementor-container elementor-column-gap-default\">\n\t\t\t\t\t<div class=\"elementor-column elementor-col-100 elementor-top-column elementor-element elementor-element-33ba8ca\" data-id=\"33ba8ca\" data-element_type=\"column\" data-e-type=\"column\">\n\t\t\t<div class=\"elementor-widget-wrap elementor-element-populated\">\n\t\t\t\t\t\t<section class=\"elementor-section elementor-inner-section elementor-element elementor-element-6c40180 elementor-section-boxed elementor-section-height-default elementor-section-height-default\" data-id=\"6c40180\" data-element_type=\"section\" data-e-type=\"section\" data-settings=\"{&quot;background_background&quot;:&quot;classic&quot;}\">\n\t\t\t\t\t\t<div class=\"elementor-container elementor-column-gap-default\">\n\t\t\t\t\t<div class=\"elementor-column elementor-col-100 elementor-inner-column elementor-element elementor-element-bf34423\" data-id=\"bf34423\" data-element_type=\"column\" data-e-type=\"column\">\n\t\t\t<div class=\"elementor-widget-wrap elementor-element-populated\">\n\t\t\t\t\t\t<div class=\"elementor-element elementor-element-ef629ba elementor-widget elementor-widget-text-editor\" data-id=\"ef629ba\" data-element_type=\"widget\" data-e-type=\"widget\" data-widget_type=\"text-editor.default\">\n\t\t\t\t<div class=\"elementor-widget-container\">\n\t\t\t\t\t\t\t\t\t<p>Statut du propri\u00e9taire : Profession Lib\u00e9rale<\/p><p><span style=\"font-size: inherit;\">Le Propri\u00e9taire est : Marie COLIN, Psychologue \u00e0 SEYSSES<\/span><\/p><p>Adresse postale du propri\u00e9taire : 11 place de la Lib\u00e9ration, 31600 SEYSSES<\/p><p>Le Responsable de la publication est : Marie COLIN<\/p><p>Contacter le responsable de la publication : https:\/\/mariecolin.fr\/#mecontacter<\/p><p>Le responsable de la publication est une personne physique<\/p><p>L\u2019h\u00e9bergeur du site est : OVH<\/p>\t\t\t\t\t\t\t\t<\/div>\n\t\t\t\t<\/div>\n\t\t\t\t\t<\/div>\n\t\t<\/div>\n\t\t\t\t\t<\/div>\n\t\t<\/section>\n\t\t\t\t\t<\/div>\n\t\t<\/div>\n\t\t\t\t\t<\/div>\n\t\t<\/section>\n\t\t\t\t<\/div>\n\t\t","protected":false},"excerpt":{"rendered":"<p>Mentions l\u00e9gales Statut du propri\u00e9taire : Profession Lib\u00e9rale Le Propri\u00e9taire est : Marie COLIN, Psychologue \u00e0 SEYSSES Adresse postale du propri\u00e9taire : 11 place de la Lib\u00e9ration, 31600 SEYSSES Le Responsable de la publication est : Marie COLIN Contacter le responsable de la publication : https:\/\/mariecolin.fr\/#mecontacter Le responsable de la<a class=\"moretag\" href=\"https:\/\/mariecolin.fr\/index.php\/mentions-legales\/\"> Lire la suite<\/a><\/p>\n","protected":false},"author":1,"featured_media":0,"parent":0,"menu_order":0,"comment_status":"closed","ping_status":"closed","template":"elementor_header_footer","meta":{"footnotes":""},"class_list":["post-321","page","type-page","status-publish","hentry"],"yoast_head":"<!-- This site is optimized with the Yoast SEO plugin v26.9 - https:\/\/yoast.com\/product\/yoast-seo-wordpress\/ -->\n<title>MENTIONS L\u00c9GALES - Marie Colin<\/title>\n<meta name=\"description\" content=\"Psychologue Clinicienne \u00e0 Seysses\" \/>\n<meta name=\"robots\" content=\"index, follow, max-snippet:-1, max-image-preview:large, max-video-preview:-1\" \/>\n<link rel=\"canonical\" href=\"https:\/\/mariecolin.fr\/index.php\/mentions-legales\/\" \/>\n<meta property=\"og:locale\" content=\"fr_FR\" \/>\n<meta property=\"og:type\" content=\"article\" \/>\n<meta property=\"og:title\" content=\"MENTIONS L\u00c9GALES - Marie Colin\" \/>\n<meta property=\"og:description\" content=\"Psychologue Clinicienne \u00e0 Seysses\" \/>\n<meta property=\"og:url\" content=\"https:\/\/mariecolin.fr\/index.php\/mentions-legales\/\" \/>\n<meta property=\"og:site_name\" content=\"Marie Colin\" \/>\n<meta property=\"article:modified_time\" content=\"2023-07-30T19:31:17+00:00\" \/>\n<meta property=\"og:image\" content=\"https:\/\/mariecolin.fr\/wp-content\/uploads\/2023\/07\/logo-psy-1-1.png\" \/>\n\t<meta property=\"og:image:width\" content=\"1542\" \/>\n\t<meta property=\"og:image:height\" content=\"384\" \/>\n\t<meta property=\"og:image:type\" content=\"image\/png\" \/>\n<meta name=\"twitter:card\" content=\"summary_large_image\" \/>\n<meta name=\"twitter:label1\" content=\"Dur\u00e9e de lecture estim\u00e9e\" \/>\n\t<meta name=\"twitter:data1\" content=\"1 minute\" \/>\n<script type=\"application\/ld+json\" class=\"yoast-schema-graph\">{\"@context\":\"https:\/\/schema.org\",\"@graph\":[{\"@type\":\"WebPage\",\"@id\":\"https:\/\/mariecolin.fr\/index.php\/mentions-legales\/\",\"url\":\"https:\/\/mariecolin.fr\/index.php\/mentions-legales\/\",\"name\":\"MENTIONS L\u00c9GALES - Marie Colin\",\"isPartOf\":{\"@id\":\"https:\/\/mariecolin.fr\/#website\"},\"datePublished\":\"2018-12-09T10:21:01+00:00\",\"dateModified\":\"2023-07-30T19:31:17+00:00\",\"description\":\"Psychologue Clinicienne \u00e0 Seysses\",\"breadcrumb\":{\"@id\":\"https:\/\/mariecolin.fr\/index.php\/mentions-legales\/#breadcrumb\"},\"inLanguage\":\"fr-FR\",\"potentialAction\":[{\"@type\":\"ReadAction\",\"target\":[\"https:\/\/mariecolin.fr\/index.php\/mentions-legales\/\"]}]},{\"@type\":\"BreadcrumbList\",\"@id\":\"https:\/\/mariecolin.fr\/index.php\/mentions-legales\/#breadcrumb\",\"itemListElement\":[{\"@type\":\"ListItem\",\"position\":1,\"name\":\"Accueil\",\"item\":\"https:\/\/mariecolin.fr\/\"},{\"@type\":\"ListItem\",\"position\":2,\"name\":\"MENTIONS L\u00c9GALES\"}]},{\"@type\":\"WebSite\",\"@id\":\"https:\/\/mariecolin.fr\/#website\",\"url\":\"https:\/\/mariecolin.fr\/\",\"name\":\"Marie Colin\",\"description\":\"Psychologue Clinicienne\",\"publisher\":{\"@id\":\"https:\/\/mariecolin.fr\/#organization\"},\"potentialAction\":[{\"@type\":\"SearchAction\",\"target\":{\"@type\":\"EntryPoint\",\"urlTemplate\":\"https:\/\/mariecolin.fr\/?s={search_term_string}\"},\"query-input\":{\"@type\":\"PropertyValueSpecification\",\"valueRequired\":true,\"valueName\":\"search_term_string\"}}],\"inLanguage\":\"fr-FR\"},{\"@type\":\"Organization\",\"@id\":\"https:\/\/mariecolin.fr\/#organization\",\"name\":\"Marie COLIN Psychologue Clinicienne\",\"url\":\"https:\/\/mariecolin.fr\/\",\"logo\":{\"@type\":\"ImageObject\",\"inLanguage\":\"fr-FR\",\"@id\":\"https:\/\/mariecolin.fr\/#\/schema\/logo\/image\/\",\"url\":\"https:\/\/mariecolin.fr\/wp-content\/uploads\/2023\/07\/logo-psy-1-1.png\",\"contentUrl\":\"https:\/\/mariecolin.fr\/wp-content\/uploads\/2023\/07\/logo-psy-1-1.png\",\"width\":1542,\"height\":384,\"caption\":\"Marie COLIN Psychologue Clinicienne\"},\"image\":{\"@id\":\"https:\/\/mariecolin.fr\/#\/schema\/logo\/image\/\"},\"sameAs\":[\"https:\/\/fr.linkedin.com\/in\/marie-colin-94184412a\"]}]}<\/script>\n<!-- \/ Yoast SEO plugin. -->","yoast_head_json":{"title":"MENTIONS L\u00c9GALES - Marie Colin","description":"Psychologue Clinicienne \u00e0 Seysses","robots":{"index":"index","follow":"follow","max-snippet":"max-snippet:-1","max-image-preview":"max-image-preview:large","max-video-preview":"max-video-preview:-1"},"canonical":"https:\/\/mariecolin.fr\/index.php\/mentions-legales\/","og_locale":"fr_FR","og_type":"article","og_title":"MENTIONS L\u00c9GALES - Marie Colin","og_description":"Psychologue Clinicienne \u00e0 Seysses","og_url":"https:\/\/mariecolin.fr\/index.php\/mentions-legales\/","og_site_name":"Marie Colin","article_modified_time":"2023-07-30T19:31:17+00:00","og_image":[{"width":1542,"height":384,"url":"https:\/\/mariecolin.fr\/wp-content\/uploads\/2023\/07\/logo-psy-1-1.png","type":"image\/png"}],"twitter_card":"summary_large_image","twitter_misc":{"Dur\u00e9e de lecture estim\u00e9e":"1 minute"},"schema":{"@context":"https:\/\/schema.org","@graph":[{"@type":"WebPage","@id":"https:\/\/mariecolin.fr\/index.php\/mentions-legales\/","url":"https:\/\/mariecolin.fr\/index.php\/mentions-legales\/","name":"MENTIONS L\u00c9GALES - Marie Colin","isPartOf":{"@id":"https:\/\/mariecolin.fr\/#website"},"datePublished":"2018-12-09T10:21:01+00:00","dateModified":"2023-07-30T19:31:17+00:00","description":"Psychologue Clinicienne \u00e0 Seysses","breadcrumb":{"@id":"https:\/\/mariecolin.fr\/index.php\/mentions-legales\/#breadcrumb"},"inLanguage":"fr-FR","potentialAction":[{"@type":"ReadAction","target":["https:\/\/mariecolin.fr\/index.php\/mentions-legales\/"]}]},{"@type":"BreadcrumbList","@id":"https:\/\/mariecolin.fr\/index.php\/mentions-legales\/#breadcrumb","itemListElement":[{"@type":"ListItem","position":1,"name":"Accueil","item":"https:\/\/mariecolin.fr\/"},{"@type":"ListItem","position":2,"name":"MENTIONS L\u00c9GALES"}]},{"@type":"WebSite","@id":"https:\/\/mariecolin.fr\/#website","url":"https:\/\/mariecolin.fr\/","name":"Marie Colin","description":"Psychologue Clinicienne","publisher":{"@id":"https:\/\/mariecolin.fr\/#organization"},"potentialAction":[{"@type":"SearchAction","target":{"@type":"EntryPoint","urlTemplate":"https:\/\/mariecolin.fr\/?s={search_term_string}"},"query-input":{"@type":"PropertyValueSpecification","valueRequired":true,"valueName":"search_term_string"}}],"inLanguage":"fr-FR"},{"@type":"Organization","@id":"https:\/\/mariecolin.fr\/#organization","name":"Marie COLIN Psychologue Clinicienne","url":"https:\/\/mariecolin.fr\/","logo":{"@type":"ImageObject","inLanguage":"fr-FR","@id":"https:\/\/mariecolin.fr\/#\/schema\/logo\/image\/","url":"https:\/\/mariecolin.fr\/wp-content\/uploads\/2023\/07\/logo-psy-1-1.png","contentUrl":"https:\/\/mariecolin.fr\/wp-content\/uploads\/2023\/07\/logo-psy-1-1.png","width":1542,"height":384,"caption":"Marie COLIN Psychologue Clinicienne"},"image":{"@id":"https:\/\/mariecolin.fr\/#\/schema\/logo\/image\/"},"sameAs":["https:\/\/fr.linkedin.com\/in\/marie-colin-94184412a"]}]}},"_links":{"self":[{"href":"https:\/\/mariecolin.fr\/index.php\/wp-json\/wp\/v2\/pages\/321","targetHints":{"allow":["GET"]}}],"collection":[{"href":"https:\/\/mariecolin.fr\/index.php\/wp-json\/wp\/v2\/pages"}],"about":[{"href":"https:\/\/mariecolin.fr\/index.php\/wp-json\/wp\/v2\/types\/page"}],"author":[{"embeddable":true,"href":"https:\/\/mariecolin.fr\/index.php\/wp-json\/wp\/v2\/users\/1"}],"replies":[{"embeddable":true,"href":"https:\/\/mariecolin.fr\/index.php\/wp-json\/wp\/v2\/comments?post=321"}],"version-history":[{"count":19,"href":"https:\/\/mariecolin.fr\/index.php\/wp-json\/wp\/v2\/pages\/321\/revisions"}],"predecessor-version":[{"id":535,"href":"https:\/\/mariecolin.fr\/index.php\/wp-json\/wp\/v2\/pages\/321\/revisions\/535"}],"wp:attachment":[{"href":"https:\/\/mariecolin.fr\/index.php\/wp-json\/wp\/v2\/media?parent=321"}],"curies":[{"name":"wp","href":"https:\/\/api.w.org\/{rel}","templated":true}]}}